 of 638?
False
Is 9483 a multiple of 62?
False
Is 1899 a multiple of 28?
False
Does 17 divide 12648?
True
Is 2039 a multiple of 26?
False
Does 95 divide 238?
False
Does 3 divide 17?
False
Is 6 a factor of 815?
False
Is 68 a factor of 5916?
True
Is 5 a factor of 5?
True
Does 23 divide 667?
True
Is 21 a multiple of 7?
True
Is 21 a factor of 583?
False
Is 36 a factor of 1477?
False
Does 61 divide 8829?
False
Is 8 a factor of 18383?
False
Is 2867 a multiple of 16?
False
Does 65 divide 1170?
True
Does 10 divide 16910?
True
Is 87 a factor of 51756?
False
Does 58 divide 519?
False
Is 5087 a multiple of 75?
False
Is 22 a factor of 20868?
False
Is 26 a factor of 8762?
True
Does 44 divide 20567?
False
Does 90 divide 13320?
True
Is 825 a multiple of 55?
True
Does 97 divide 66726?
False
Is 7 a factor of 30024?
False
Is 218 a multiple of 6?
False
Is 36366 a multiple of 19?
True
Is 1789 a multiple of 6?
False
Is 10265 a multiple of 273?
False
Is 68 a factor of 593?
False
Is 119 a factor of 1666?
True
Does 28 divide 4256?
True
Does 27 divide 2791?
False
Is 329 a factor of 99358?
True
Does 30 divide 2730?
True
Is 21 a factor of 4860?
False
Does 78 divide 413?
False
Does 41 divide 680?
False
Does 25 divide 3286?
False
Is 83776 a multiple of 68?
True
Is 28 a multiple of 7?
True
Is 37 a factor of 3885?
True
Is 1944 a multiple of 24?
True
Is 7 a factor of 2502?
False
Is 91850 a multiple of 25?
True
Is 840 a multiple of 4?
True
Does 34 divide 9681?
False
Does 9 divide 1503?
True
Is 56 a factor of 724?
False
Is 26 a factor of 624?
True
Is 24408 a multiple of 27?
True
Is 15 a factor of 280?
False
Does 11 divide 6413?
True
Is 70 a factor of 16107?
False
Is 455 a multiple of 5?
True
Is 41556 a multiple of 81?
False
Is 222 a multiple of 18?
False
Is 288 a multiple of 14?
False
Does 38 divide 33110?
False
Is 3042 a multiple of 36?
False
Does 204 divide 6108?
False
Does 25 divide 8950?
True
Is 9108 a multiple of 46?
True
Is 20 a multiple of 20?
True
Is 9 a factor of 7407?
True
Is 13654 a multiple of 104?
False
Is 288 a multiple of 16?
True
Is 8 a factor of 313?
False
Does 15 divide 4994?
False
Is 6 a factor of 2765?
False
Does 17 divide 595?
True
Is 39177 a multiple of 217?
False
Is 2094 a multiple of 11?
False
Does 10 divide 2020?
True
Is 3 a factor of 38?
False
Is 10922 a multiple of 86?
True
Does 19 divide 1995?
True
Does 15 divide 1393?
False
Is 13849 a multiple of 5?
False
Does 6 divide 3641?
False
Does 39 divide 165?
False
Is 13803 a multiple of 78?
False
Is 5555 a multiple of 11?
True
Is 10 a factor of 2960?
True
Does 24 divide 45788?
False
Does 8 divide 11200?
True
Is 13 a factor of 187?
False
Is 11 a factor of 4939?
True
Is 316 a multiple of 4?
True
Is 94 a factor of 25839?
False
Does 77 divide 57127?
False
Does 7 divide 140?
True
Is 920 a multiple of 10?
True
Is 31640 a multiple of 122?
False
Does 22 divide 20152?
True
Does 22 divide 7460?
False
Does 18 divide 19692?
True
Is 9 a factor of 297?
True
Is 471 a multiple of 55?
False
Does 18 divide 9249?
False
Is 20 a factor of 6864?
False
Does 27 divide 648?
True
Is 98 a factor of 4567?
False
Does 11 divide 50?
False
Does 45 divide 829?
False
Is 2340 a multiple of 60?
True
Is 20 a factor of 34?
False
Is 3536 a multiple of 104?
True
Is 102 a factor of 96161?
False
Is 1884 a multiple of 30?
False
Does 28 divide 1725?
False
Does 20 divide 4705?
False
Is 10 a factor of 6871?
False
Does 5 divide 287?
False
Does 3 divide 234?
True
Is 120 a multiple of 24?
True
Is 17 a factor of 28851?
False
Is 2 a factor of 161?
False
Is 5 a factor of 1170?
True
Is 85 a factor of 1530?
True
Does 13 divide 52?
True
Does 6 divide 1354?
False
Does 65 divide 11681?
False
Does 9 divide 14625?
True
Does 14 divide 1610?
True
Does 154 divide 462?
True
Does 17 divide 4351?
False
Does 3 divide 1200?
True
Is 1145 a multiple of 20?
False
Is 68 a factor of 597?
False
Is 1120 a multiple of 70?
True
Is 6716 a multiple of 135?
False
Is 67257 a multiple of 159?
True
Is 1793 a multiple of 61?
False
Is 1620 a multiple of 20?
True
Is 139 a factor of 85902?
True
Is 9341 a multiple of 120?
False
Does 3 divide 77?
False
Is 122 even?
True
Is 30 a factor of 6666?
False
Is 9 a multiple of 9?
True
Is 12 a factor of 9624?
True
Is 35 a factor of 1795?
False
Is 44 a factor of 721?
False
Is 510 a multiple of 34?
True
Is 4466 a multiple of 22?
True
Is 3021 a multiple of 17?
False
Is 1045 a multiple of 2?
False
Is 100 a factor of 2600?
True
Is 67252 a multiple of 34?
True
Is 16 a factor of 9294?
False
Does 11 divide 30074?
True
Does 108 divide 8640?
True
Is 28710 a multiple of 110?
True
Is 20 a factor of 10080?
True
Does 75 divide 12187?
False
Is 107226 a multiple of 23?
True
Is 33 a factor of 5783?
False
Is 480 a multiple of 96?
True
Is 1555 a multiple of 40?
False
Is 918 a multiple of 54?
True
Is 130 a factor of 2730?
True
Does 2 divide 2312?
True
Is 48 a factor of 24952?
False
Does 108 divide 17820?
True
Does 2 divide 12?
True
Does 6 divide 492?
True
Is 8 a factor of 1282?
False
Does 14 divide 560?
True
Is 4575 a multiple of 19?
False
Is 26182 a multiple of 19?
True
Is 3081 a multiple of 13?
True
Is 93 a factor of 26719?
False
Does 9 divide 4302?
True
Does 45 divide 855?
True
Is 32091 a multiple of 3?
True
Does 203 divide 11752?
False
Is 225 a factor of 23902?
False
Is 437 a multiple of 8?
False
Is 190 a multiple of 5?
True
Is 12 a factor of 347?
False
Does 42 divide 12674?
False
Is 6297 a multiple of 17?
False
Does 115 divide 25821?
False
Is 65 a factor of 195?
True
Is 46 a factor of 2990?
True
Is 133 a factor of 7315?
True
Does 2 divide 385?
False
Is 55956 a multiple of 293?
False
Is 13 a factor of 7674?
False
Is 13167 a multiple of 57?
True
Does 3 divide 3059?
False
Does 3 divide 615?
True
Is 3 a factor of 12836?
False
Does 46 divide 2394?
False
Does 85 divide 1570?
False
Is 4 a factor of 2959?
False
Is 1470 a multiple of 49?
True
Does 15 divide 9195?
True
Is 18 a factor of 963?
False
Is 1176 a multiple of 84?
True
Is 29 a factor of 31871?
True
Is 10 a factor of 130?
True
Is 359 a factor of 96130?
False
Is 6 a factor of 1590?
True
Is 24 a factor of 21720?
True
Is 21107 a multiple of 134?
False
Is 940 a multiple of 13?
False
Is 14 a factor of 2952?
False
Is 54 a factor of 48346?
False
Does 28 divide 4125?
False
Is 6825 a multiple of 91?
True
Does 20 divide 7260?
True
Is 73 a factor of 146?
True
Is 108 a multiple of 19?
False
Does 143 divide 62746?
False
Is 1777 even?
False
Is 32 a factor of 18573?
False
Does 167 divide 86005?
True
Is 17 a factor of 3111?
True
Is 14 a factor of 15993?
False
Does 21 divide 12806?
False
Is 1793 a multiple of 6?
False
Is 59 a factor of 227?
False
Is 45 a factor of 68018?
False
Does 202 divide 62914?
False
Does 131 divide 26855?
True
Is 9324 a multiple of 111?
True
Does 71 divide 1491?
True
Is 12 a factor of 254?
False
Is 13596 a multiple of 11?
True
Is 9 a factor of 45?
True
Is 3012 a multiple of 9?
False
Is 86 a factor of 1376?
True
Is 103 a factor of 618?
True
Does 31 divide 3379?
True
Is 37 a factor of 222?
True
Does 43 divide 731?
True
Does 41 divide 1312?
True
Does 154 divide 15862?
True
Is 53160 a multiple of 60?
True
Does 35 divide 8155?
True
Is 5508 a multiple of 27?
True
Is 51 a factor of 1734?
True
Is 110 a multiple of 11?
True
Is 13493 a multiple of 103?
True
Is 188 a factor of 7353?
False
Does 76 divide 836?
True
Is 30 a factor of 3628?
False
Is 560 a multiple of 7?
True
Does 68 divide 16554?
False
Does 6 divide 514?
False
Is 68 a factor of 14219?
False
Is 71 a multiple of 2?
False
Is 12239 a multiple of 25?
False
Does 3 divide 484?
False
Is 10 a factor of 52040?
True
Is 161 a multiple of 23?
True
Is 3148 a multiple of 6?
False
Is 7 a factor of 104622?
True
Is 6503 a multiple of 12?
False
Is 5 a factor of 980?
True
Is 62 a factor of 62744?
True
Is 14 a factor of 1092?
True
Is 561 a multiple of 11?
True
Is 13 a factor of 102?
False
Is 19621 a multiple of 28?
False
Is 2280 a multiple of 38?
True
Is 1042 a multiple of 27?
False
Is 4940 a multiple of 13?
True
Is 355 a multiple of 12?
False
Is 921 a multiple of 16?
False
Does 19 divide 57?
True
Does 3 divide 993?
True
Does 96 divide 7332?
False
Does 16 divide 13656?
False
Is 15 a factor of 16661?
False
Is 89 a factor of 623?
True
Is 10 a factor of 1718?
False
Is 11 a factor